
In base 3, what is 21220211 - -201021?
22122002
In base 10, what is -25 + 316683?
316658
In base 3, what is -22 + -200012120120?
-200012120212
In base 7, what is 522 - -135164?
136016
In base 8, what is -117116 + 1040?
-116056
In base 3, what is -1111012 - -1101221020?
1100110001
In base 15, what is -6a45e1 + -5?
-6a45e6
In base 16, what is -187 + -1a4ba?
-1a641
In base 16, what is -bfa55c - 1?
-bfa55d
In base 3, what is 20111 + -2112200101?
-2112102220
In base 2, what is 11001111001111111110110110 + 0?
11001111001111111110110110
In base 12, what is -99501b + 17?
-995004
In base 15, what is -2a14e1 - 5a?
-2a154b
In base 5, what is 12102 + 20131?
32233
In base 11, what is -a26 + 2206?
1290
In base 15, what is -be023 - -5?
-be01d
In base 4, what is -2102110111 - 1?
-2102110112
In base 16, what is -10f + 3e74?
3d65
In base 16, what is -370fa96 - -4?
-370fa92
In base 11, what is -54 - -2872846?
28727a2
In base 3, what is -101110110 - 121102220?
-222220100
In base 10, what is -56720 - -3254?
-53466
In base 13, what is -6745 + 14bb?
-5257
In base 4, what is -1303113300231 - 10?
-1303113300301
In base 11, what is 41a95 - -1876?
43860
In base 6, what is 141042 - 153313?
-12231
In base 4, what is 101302 - 101022?
220
In base 11, what is -4 + 143457a?
1434576
In base 15, what is -40ea7cb - 3?
-40ea7ce
In base 9, what is -334 - -36402?
36057
In base 14, what is -485d + -ab?
-492a
In base 8, what is -7 + 56531673?
56531664
In base 10, what is 3 - -563764?
563767
In base 11, what is 221 + -457613?
-4573a2
In base 4, what is 102033012 + 1322?
102101000
In base 14, what is 10366 + 94?
1041a
In base 10, what is -7195763 - 9?
-7195772
In base 11, what is 5613 - -560?
6073
In base 9, what is 8423 + 6514?
16037
In base 8, what is -11302 + 36405?
25103
In base 10, what is -7 + -38631093?
-38631100
In base 12, what is -50 + 267748?
2676b8
In base 15, what is -138 - 7535?
-766d
In base 12, what is 5662ba - 6?
5662b4
In base 12, what is 251638a22 - -5?
251638a27
In base 8, what is 31372 - -6642?
40234
In base 12, what is 6314841 - 1?
6314840
In base 6, what is 14 - -552322?
552340
In base 4, what is -221 + -211100132?
-211101013
In base 3, what is -20110101001 + 100202?
-20110000022
In base 11, what is -9908a3 + -11?
-990904
In base 10, what is 2 - 399206?
-399204
In base 9, what is 22 - 25157235?
-25157213
In base 12, what is -1144 + 872?
-492
In base 8, what is 2023655157 + -1?
2023655156
In base 2, what is -101000111001011 + -100001100111?
-101101000110010
In base 15, what is 3 - 8e2260?
-8e225c
In base 5, what is -44011442 + 30?
-44011412
In base 16, what is -1a2 + -2412?
-25b4
In base 4, what is -303000 + 222222?
-20112
In base 6, what is 2 - -1023515521?
1023515523
In base 5, what is -11442404411 + -2?
-11442404413
In base 5, what is -3 + -1004131143204?
-1004131143212
In base 7, what is -3403461 + -213?
-3404004
In base 13, what is 15368cc6 + -3?
15368cc3
In base 9, what is -25141 + 8088?
-16042
In base 3, what is -12122100 - 12102221221?
-12122121021
In base 16, what is -7f + f6a?
eeb
In base 13, what is c6254a63 - -5?
c6254a68
In base 10, what is -473256 - -693?
-472563
In base 7, what is 10062142 + 4?
10062146
In base 8, what is 206142 + 43?
206205
In base 14, what is -3bb759 + -3?
-3bb75c
In base 6, what is -3 + -2415040123?
-2415040130
In base 2, what is 1010110010 + 101011111011?
110110101101
In base 7, what is -130 + 261654?
261524
In base 8, what is 236427065 + 4?
236427071
In base 6, what is 1035415 - 12524?
1022451
In base 3, what is -110012110021020 - -1222?
-110012110012021
In base 15, what is 0 + 34b400?
34b400
In base 13, what is 4 - -2547b732?
2547b736
In base 14, what is 14 - -5b3c4b?
5b3c61
In base 12, what is 253aa25 - 3?
253aa22
In base 11, what is -31a3365 + 3?
-31a3362
In base 7, what is -64 - 45216461?
-45216555
In base 3, what is 11020012002 + -10022112?
11002212120
In base 5, what is -32 - -233430401?
233430314
In base 6, what is 2 + 35130225041?
35130225043
In base 8, what is -1 - -5617475?
5617474
In base 5, what is -1000243231 + 431?
-1000242300
In base 15, what is 2 + 8c7511?
8c7513
In base 12, what is 1b83 + 13693?
15656
In base 8, what is -5 + -455026611?
-455026616
In base 6, what is -1211525 - -41113?
-1130412
In base 16, what is 14 - 1cb1?
-1c9d
In base 15, what is -453 + -4aa72?
-4aec5
In base 2, what is 111011001111111000101110110 - -101?
111011001111111000101111011
In base 9, what is -17236 + -576?
-17823
In base 9, what is 7 - 151853247?
-151853240
In base 11, what is -5933 - -7203?
1380
In base 3, what is -102100000000121 - -210?
-102022222222211
In base 7, what is 12204041 + -14?
12204024
In base 11, what is 23 - 258a39?
-258a16
In base 14, what is 2 + ad688b?
ad688d
In base 3, what is -2001001 - 10112202?
-12120210
In base 8, what is 73063743 + -3?
73063740
In base 11, what is -3000 - 7093?
-a093
In base 13, what is -51a1464 + 9?
-51a1458
In base 14, what is 12d71 + -347?
12a28
In base 3, what is -2002021021221221 - 1?
-2002021021221222
In base 6, what is -2522445413 - -3?
-2522445410
In base 9, what is -115334 - 500?
-115834
In base 5, what is 1 - -121033214204?
121033214210
In base 16, what is -45ed9 + 102?
-45dd7
In base 3, what is 2 - 2012021121210012?
-2012021121210010
In base 7, what is 550524 - -400?
551224
In base 13, what is 900882c - 5?
9008827
In base 10, what is 45 + 2672680?
2672725
In base 10, what is 348 + 366413?
366761
In base 10, what is -5384 + -7801?
-13185
In base 12, what is -4 + 12212611?
12212609
In base 4, what is 111032103 + -30?
111032013
In base 11, what is -3433476 + -2?
-3433478
In base 7, what is -12146234 - 116?
-12146353
In base 13, what is -5775073 + -5?
-5775078
In base 13, what is 59 - 1b675?
-1b619
In base 12, what is -1b64 - -b81?
-ba3
In base 4, what is -30211 + 20203012?
20112201
In base 16, what is cd - -b9b1e?
b9beb
In base 6, what is -30354221 + -213?
-30354434
In base 14, what is -1b847 + -5a5?
-1c00c
In base 12, what is 4 - -4100b3?
4100b7
In base 12, what is 105205 + a6?
1052ab
In base 2, what is -111101010111111 - -1000010001?
-111100010101110
In base 4, what is 210 - -22302203020?
22302203230
In base 13, what is -3473 + c19?
-2557
In base 6, what is 1322 - -542440?
544202
In base 11, what is 43a4a0 - -26?
43a516
In base 13, what is -49129 - -1c2c?
-471ca
In base 16, what is -2 - 82c85ef?
-82c85f1
In base 6, what is 33 + -205350?
-205313
In base 12, what is -59b66ab + 5?
-59b66a6
In base 13, what is -20199a - 16?
-2019b3
In base 5, what is 10021333421304 + 1?
10021333421310
In base 13, what is -1c76115 - -2?
-1c76113
In base 15, what is 2 + 6b78c?
6b78e
In base 3, what is -1010211002200120211 - -12?
-1010211002200120122
In base 6, what is 144044133 - 1351?
144042342
In base 7, what is 1 + 26221315?
26221316
In base 13, what is 1814 + -157b?
266
In base 8, what is 2275234 + -1557?
2273455
In base 2, what is -100011100101100000011 - -1011?
-100011100101011111000
In base 3, what is -22221121112021 - 1?
-22221121112022
In base 16, what is -cd473d + 3?
-cd473a
In base 12, what is -14 + 610061?
610049
In base 14, what is -1 + -19403d7?
-19403d8
In base 3, what is 102 + 11122110201000?
11122110201102
In base 16, what is 658 - 13d5?
-d7d
In base 7, what is -13 - 136245150?
-136245163
In base 13, what is 5 - -905c27?
905c2c
In base 2, what is 0 - -1100101000101111000110110?
1100101000101111000110110
In base 14, what is -2 - 140d8ccd?
-140d8cd1
In base 9, what is 25 - -450433?
450458
In base 15, what is 1d509a97 + 5?
1d509a9c
In base 12, what is 0 + 180a65?
180a65
In base 13, what is -6bcc3 - -78?
-6bc48
In base 4, what is 13300 - 2330323?
-2311023
In base 9, what is -1383 - 1763034?
-1764427
In base 2, what is 1110101100 - -11100011011?
101011000111
In base 11, what is -23 - 1a02080?
-1a020a3
In base 8, what is 7 + 1314604?
1314613
In base 8, what is 124 + -162741?
-162615
In base 14, what is -4 + -659758?
-65975c
In base 3, what is -1222 + 21102010101?
21102001102
In base 15, what is -7741 - -21d?
-7523
In base 6, what is 130100004 + -44?
130055520
In base 8, what is -3425667 - 2322?
-3430211
In base 3, what is -222121121202 + -1002?
-222121122211
In base 11, what is 1a2a582 + 3?
1a2a585
In base 13, what is 29a4a1b - 1?
29a4a1a
In base 6, what is 2 - -1341344142?
1341344144
I